et x = 15 - 13. Suppose 5*g + 17 - x = -2*t, -5*t - g = -20. What is the greatest common divisor of 1 and t?
1
Suppose 2*v + 4 = 2*a, 0 = 3*v + 2*a - 8 - 1. Let u be 3 + 4 + v + 1. Calculate the highest common factor of u and 1.
1
Suppose -4*c + 2*t = -0*t - 22, c - 13 = 2*t. Suppose 299 = c*p + g - 0*g, -307 = -3*p - 5*g. Calculate the greatest common factor of p and 11.
11
Suppose -l + 4*l = -v - 12, 3*v - 3 = 4*l. Let g be 3 + 3/v + 30. Let u = 56 - g. Calculate the greatest common factor of u and 12.
12
Let i be (-4 + 2 - -19) + 1. Let a be 1*(-2 - -2 - -2). Calculate the highest common factor of i and a.
2
Suppose -b + 2*b + 101 = u, 4*u - 5*b - 401 = 0. Calculate the highest common divisor of u and 13.
13
Let l(m) = 56*m**3 + m**2 - m. Let p be l(1). Calculate the highest common divisor of p and 8.
8
Suppose -j - 3*j + 160 = 2*h, 0 = 3*h + 3*j - 240. Let g = 21 - -11. What is the greatest common factor of g and h?
16
Let f = 20 + -38. Let g be (-4)/(-18) - 248/f. Let v = 25 - g. What is the greatest common divisor of 99 and v?
11
Let c = -4 + 6. Suppose 16 = z + c*u, -z + u - 2*u + 12 = 0. Calculate the highest common divisor of z and 12.
4
Let a(m) = 16*m - 43. Let z be a(3). What is the highest common factor of 2 and z?
1
Let c be ((-1)/(-1))/(1/2). Let m be (28/(-3))/(14/(-21)). Calculate the highest common factor of c and m.
2
Let w = 17 + -15. Suppose w*d = -10, -p - d = 3*d + 10. Let s(j) = 5*j. Let i be s(1). What is the highest common divisor of p and i?
5
Suppose w - 3*w = 0. Suppose w*r + 6 = r. Suppose 0 = -4*k + 4*y + 152, y - 55 = -k - 9. What is the greatest common factor of k and r?
6
Suppose 0 = -2*l + 3*h + 24, 2*l - 2*h = -0*h + 20. What is the highest common factor of 9 and l?
3
Let q be 1/((-1)/(-2)) - -3. Suppose -q*b + 70 = -3*b. What is the highest common divisor of 5 and b?
5
Let x = 58 + -14. Calculate the greatest common factor of x and 22.
22
Let g(p) = 0 - p**2 + 4*p - 1 + 3. Let a be g(3). Suppose 5 = -a*q + 5*t + 110, 2*t - 43 = -3*q. What is the greatest common divisor of 85 and q?
17
Suppose h - 1 = 18. Let l = h + -10. What is the highest common divisor of l and 72?
9
Let s = 5 + -4. Calculate the highest common factor of 1 and s.
1
Let j(l) = 6*l - 4 - 4*l - l. Let p be j(7). Suppose -5*z = -4*z - 24. What is the greatest common divisor of z and p?
3
Let w be ((-48)/(-9))/((-8)/(-12)). What is the greatest common factor of w and 2?
2
Let s = -20 - -30. Calculate the greatest common factor of 20 and s.
10
Suppose -3*n + 19 = 6*b - b, -15 = -5*n. Suppose -5*m + b = -4*m. Let j be 10*2/(-5)*-1. Calculate the highest common divisor of j and m.
2
Let l(d) = -d - 8. Let g be l(-4). Let f be (-1)/1*(g - -1). Suppose 1 = -a + f. Calculate the highest common divisor of 22 and a.
2
Let l = -69 - -42. Let r be (-1)/(-2) - l/2. Let f = -11 + r. What is the highest common factor of 9 and f?
3
Let o = 105 - 90. Calculate the greatest common factor of o and 35.
5
Let c be 63 + -1 - 6/3. Suppose 440 = -4*y + a, c = -3*y + 4*a - 257. Let n = y + 156. Calculate the greatest common divisor of n and 18.
9
Let m(j) = 2*j - 11. Let r be m(11). Calculate the highest common factor of 44 and r.
11
Suppose 2*w = -5*l + 1121, 3*w = -2*w + 15. Suppose l = 5*s - 162. Let h(x) = -x**2 - 8*x + 4. Let i be h(-7). Calculate the highest common divisor of i and s.
11
Suppose -s - 13 = -2*s. Let g = s - 7. Let q = 10 - g. What is the highest common divisor of q and 32?
4
Suppose 2*q + 2 = 0, 5*v = -q + 2*q + 116. Calculate the highest common divisor of 253 and v.
23
Let l = 166 + -94. What is the highest common factor of l and 8?
8
Let p(x) = -x + 33. Let h be p(0). Let s = h + -23. What is the highest common factor of s and 40?
10
Let d(i) = 168*i. Let u be d(6). Suppose -238 = 5*l - u. What is the highest common factor of l and 14?
14
Suppose 3*q + 308 = 14*q. Calculate the highest common factor of q and 252.
28
Suppose -6*f - 99 + 327 = 0. Let b(v) = -v**2 + 3*v - 9. Let w be b(6). Let a = f + w. Calculate the greatest common factor of 22 and a.
11
Let c(p) = -3*p**3 + p. Let g be c(-1). Suppose 0*r + g*r = 8. Let k(t) = 2*t**2 - 4*t + 2. Let u be k(r). Calculate the greatest common divisor of 6 and u.
6
Let b be ((4 + 34)/(-2))/(2/(-22)). Let p(x) = -x**2 - x + 19. Let k be p(0). What is the greatest common divisor of b and k?
19
Let r(l) = -l**2 + l + 8. Let h be r(-2). What is the greatest common divisor of h and 10?
2
Suppose -8*f = -28 + 12. Calculate the highest common factor of f and 26.
2
Let i = 6 - 4. Suppose -i*j = -3*j + 5. Let s(m) = -5*m + 95. Let t be s(11). What is the highest common divisor of t and j?
5
Let d = 558 + -315. What is the greatest common factor of 27 and d?
27
Let j be 1 - ((-660)/15 - (0 - 1)). What is the greatest common factor of 11 and j?
11
Let v(w) = w**3 - 8*w**2 - 8*w. Let b be v(10). Let p be -1*8/3*-18. Calculate the greatest common divisor of p and b.
24
Let r(t) = 9*t**2 + 3*t - 4. Let m be r(-3). What is the highest common factor of m and 102?
34
Suppose -5*x + 10*x - 90 = 0. Calculate the greatest common divisor of x and 27.
9
Let z be (-528)/(-24)*14/4. Let b = -23 + 1. Let f be (1*-1)/(2/b). Calculate the greatest common divisor of f and z.
11
Suppose -4*k + 315 = -5*d, 2*d = -5*k + 6 - 165. Let v be d/(-5) + (-21)/(-35). Suppose -2*g = 3*g - 175. What is the greatest common factor of v and g?
7
Let f be 11076/48 - 2/(-8). Calculate the highest common factor of 21 and f.
21
Let a be (-22)/(0 - -2)*-1. Calculate the greatest common factor of 77 and a.
11
Let s = -84 - -94. Let i(z) = 10*z. Let t be i(3). What is the highest common factor of t and s?
10
Let s = 235 + -165. Let l(j) = -j**2 - 8*j - 2. Let c be l(-6). Calculate the greatest common divisor of s and c.
10
Suppose -5*i + 6*a = 4*a - 18, 0 = -i + 2*a + 10. Let b = 3 + -3. Let m = b + i. What is the highest common divisor of m and 5?
1
Suppose 0 = m - 7 - 5. Let s be 2 - 2 - 1 - -31. Suppose 0*a - a = -s. What is the highest common divisor of m and a?
6
Suppose -3*m = 5*r - 782, 0*r + 4*r + 3*m = 628. Suppose -d - d + r = 0. Calculate the highest common divisor of d and 11.
11
Let o = 62 + -24. What is the highest common factor of o and 95?
19
Suppose 0 = 2*c + 5*l - 29, -2*c = 2*c + l - 67. What is the highest common divisor of c and 119?
17
Suppose 3*g = g + 12. Let n be (2/(-5))/(1/(-10)). What is the greatest common factor of n and g?
2
Let f be (3 - -3 - 1) + -1. Suppose f*q - 175 = 49. Calculate the greatest common factor of 8 and q.
8
Let o(s) = -s**2 - 12*s - 3. Let k be o(-11). Calculate the greatest common divisor of 12 and k.
4
Let d = 10 + 17. Suppose x + i - d = -2*i, -1 = -i. What is the greatest common factor of x and 3?
3
Suppose -4*o - 3*l = 153, 0*l - 2*l = -o - 41. Let s be (-6)/o - 828/(-26). Calculate the greatest common divisor of 48 and s.
16
Let y be (-5*(0 + 1))/(-1). Suppose -4*b - 8 = 4, 0 = -y*l - 3*b + 71. Let v be (-8)/l - (-7)/2. Calculate the highest common factor of v and 6.
3
Let l(k) = -k**2 + 7*k + 7. Let q = 6 - 1. Let j be l(q). Calculate the greatest common divisor of 68 and j.
17
Let p(b) = -17*b + 1. Suppose 14 = 4*n - 26. Suppose -u = 4*u + n. Let t be p(u). What is the greatest common divisor of t and 7?
7
Let c = 40 + -36. Let w be (-4)/10 + 164/10. What is the greatest common factor of c and w?
4
Let m(v) = 6*v + 10. Let k be m(10). Suppose y + 3*t - 23 = 0, 3*t + 0*t = -4*y + 65. What is the greatest common factor of y and k?
14
Let r be 13/(-3) - (-2)/6. Let z = 0 - r. Suppose 15 = z*v - 33. Calculate the highest common factor of v and 12.
12
Suppose -37 = -5*q + 8. What is the highest common divisor of q and 15?
3
Suppose 5*h = 10 + 10. Suppose 0 = -2*n + 7*n - 20, -2*n - 4 = -h*a. Let f(j) = 4*j. Let r be f(a). What is the highest common factor of r and 6?
6
Suppose 405 = 4*j - 2*c - 271, -344 = -2*j + 4*c. What is the highest common factor of 21 and j?
21
Let y(z) = -z**3 - 7*z**2 - 7*z - 3. Let g be 4/((-11)/3 - -3). Let v be y(g). What is the highest common divisor of 1 and v?
1
Let n(v) = v - 2. Let d(z) = z - 1. Let r(u) = 3*d(u) - 2*n(u). Let x be r(5). What is the greatest common factor of x and 6?
6
Let o = 55 - 19. Calculate the greatest common factor of 4 and o.
4
Let k